{"id":12294,"date":"2023-03-31T02:11:07","date_gmt":"2023-03-31T00:11:07","guid":{"rendered":"https:\/\/agrozenit.es\/?page_id=12294"},"modified":"2023-03-31T02:22:15","modified_gmt":"2023-03-31T00:22:15","slug":"prescripcion-o-receta-fitosanitaria","status":"publish","type":"page","link":"https:\/\/agrozenit.es\/index.php\/prescripcion-o-receta-fitosanitaria\/","title":{"rendered":"Prescripci\u00f3n o receta fitosanitaria"},"content":{"rendered":"\t\t<div data-elementor-type=\"wp-page\" data-elementor-id=\"12294\" class=\"elementor elementor-12294\">\n\t\t\t\t\t\t<section class=\"elementor-section elementor-top-section elementor-element elementor-element-b057384 elementor-section-boxed elementor-section-height-default elementor-section-height-default\" data-id=\"b057384\" data-element_type=\"section\" data-e-type=\"section\">\n\t\t\t\t\t\t<div class=\"elementor-container elementor-column-gap-default\">\n\t\t\t\t\t<div class=\"elementor-column elementor-col-100 elementor-top-column elementor-element elementor-element-fa11d5c\" data-id=\"fa11d5c\" data-element_type=\"column\" data-e-type=\"column\">\n\t\t\t<div class=\"elementor-widget-wrap elementor-element-populated\">\n\t\t\t\t\t\t<div class=\"elementor-element elementor-element-6a7d695 elementor-widget elementor-widget-heading\" data-id=\"6a7d695\" data-element_type=\"widget\" data-e-type=\"widget\" data-widget_type=\"heading.default\">\n\t\t\t\t<div class=\"elementor-widget-container\">\n\t\t\t\t\t<h1 class=\"elementor-heading-title elementor-size-large\">PRESCRIPCI\u00d3N O RECETA FITOSANITARIA<\/h1>\t\t\t\t<\/div>\n\t\t\t\t<\/div>\n\t\t\t\t\t<\/div>\n\t\t<\/div>\n\t\t\t\t\t<\/div>\n\t\t<\/section>\n\t\t\t\t<section class=\"elementor-section elementor-top-section elementor-element elementor-element-25adb41 elementor-section-boxed elementor-section-height-default elementor-section-height-default\" data-id=\"25adb41\" data-element_type=\"section\" data-e-type=\"section\">\n\t\t\t\t\t\t<div class=\"elementor-container elementor-column-gap-default\">\n\t\t\t\t\t<div class=\"elementor-column elementor-col-100 elementor-top-column elementor-element elementor-element-8dd5df8\" data-id=\"8dd5df8\" data-element_type=\"column\" data-e-type=\"column\">\n\t\t\t<div class=\"elementor-widget-wrap elementor-element-populated\">\n\t\t\t\t\t\t<section class=\"elementor-section elementor-inner-section elementor-element elementor-element-3b9be0d elementor-section-boxed elementor-section-height-default elementor-section-height-default\" data-id=\"3b9be0d\" data-element_type=\"section\" data-e-type=\"section\">\n\t\t\t\t\t\t<div class=\"elementor-container elementor-column-gap-default\">\n\t\t\t\t\t<div class=\"elementor-column elementor-col-100 elementor-inner-column elementor-element elementor-element-7528bc9\" data-id=\"7528bc9\" data-element_type=\"column\" data-e-type=\"column\">\n\t\t\t<div class=\"elementor-widget-wrap elementor-element-populated\">\n\t\t\t\t\t\t<div class=\"elementor-element elementor-element-768eb65 elementor-widget elementor-widget-text-editor\" data-id=\"768eb65\" data-element_type=\"widget\" data-e-type=\"widget\" data-widget_type=\"text-editor.default\">\n\t\t\t\t<div class=\"elementor-widget-container\">\n\t\t\t\t\t\t\t\t\t<p>Ofrecemos\u00a0 al agricultor un asesoramiento t\u00e9cnico personalizado en su explotaci\u00f3n agr\u00edcola asumiendo la tarea de prescripci\u00f3n o receta fitosanitaria:<\/p><ul><li>Recomendaci\u00f3n del producto fitosanitario autorizado adecuado.<\/li><li>Momento \u00f3ptimo de aplicaci\u00f3n.<\/li><li>Dosis a emplear.<\/li><li>Y\u00a0los plazos de seguridad a respetar.<\/li><\/ul>\t\t\t\t\t\t\t\t<\/div>\n\t\t\t\t<\/div>\n\t\t\t\t\t<\/div>\n\t\t<\/div>\n\t\t\t\t\t<\/div>\n\t\t<\/section>\n\t\t\t\t<section class=\"elementor-section elementor-inner-section elementor-element elementor-element-4eaae95 elementor-section-boxed elementor-section-height-default elementor-section-height-default\" data-id=\"4eaae95\" data-element_type=\"section\" data-e-type=\"section\">\n\t\t\t\t\t\t<div class=\"elementor-container elementor-column-gap-default\">\n\t\t\t\t\t<div class=\"elementor-column elementor-col-50 elementor-inner-column elementor-element elementor-element-dd50fd2\" data-id=\"dd50fd2\" data-element_type=\"column\" data-e-type=\"column\">\n\t\t\t<div class=\"elementor-widget-wrap elementor-element-populated\">\n\t\t\t\t\t\t<div class=\"elementor-element elementor-element-dd8ed52 elementor-widget elementor-widget-image\" data-id=\"dd8ed52\" data-element_type=\"widget\" data-e-type=\"widget\" data-widget_type=\"image.default\">\n\t\t\t\t<div class=\"elementor-widget-container\">\n\t\t\t\t\t\t\t\t\t\t\t\t\t\t\t<img fetchpriority=\"high\" decoding=\"async\" width=\"1024\" height=\"683\" src=\"https:\/\/agrozenit.es\/wp-content\/uploads\/2023\/03\/FOTO-40-AGRICULTOR-VERDURAS-1-1024x683.jpg\" class=\"attachment-large size-large wp-image-12296\" alt=\"\" srcset=\"https:\/\/agrozenit.es\/wp-content\/uploads\/2023\/03\/FOTO-40-AGRICULTOR-VERDURAS-1-1024x683.jpg 1024w, https:\/\/agrozenit.es\/wp-content\/uploads\/2023\/03\/FOTO-40-AGRICULTOR-VERDURAS-1-300x200.jpg 300w, https:\/\/agrozenit.es\/wp-content\/uploads\/2023\/03\/FOTO-40-AGRICULTOR-VERDURAS-1-768x512.jpg 768w, https:\/\/agrozenit.es\/wp-content\/uploads\/2023\/03\/FOTO-40-AGRICULTOR-VERDURAS-1-1536x1024.jpg 1536w, https:\/\/agrozenit.es\/wp-content\/uploads\/2023\/03\/FOTO-40-AGRICULTOR-VERDURAS-1.jpg 1920w\" sizes=\"(max-width: 1024px) 100vw, 1024px\" \/>\t\t\t\t\t\t\t\t\t\t\t\t\t\t\t<\/div>\n\t\t\t\t<\/div>\n\t\t\t\t\t<\/div>\n\t\t<\/div>\n\t\t\t\t<div class=\"elementor-column elementor-col-50 elementor-inner-column elementor-element elementor-element-54cde15\" data-id=\"54cde15\" data-element_type=\"column\" data-e-type=\"column\">\n\t\t\t<div class=\"elementor-widget-wrap elementor-element-populated\">\n\t\t\t\t\t\t<div class=\"elementor-element elementor-element-d99d8fc elementor-widget elementor-widget-image\" data-id=\"d99d8fc\" data-element_type=\"widget\" data-e-type=\"widget\" data-widget_type=\"image.default\">\n\t\t\t\t<div class=\"elementor-widget-container\">\n\t\t\t\t\t\t\t\t\t\t\t\t\t\t\t<img decoding=\"async\" width=\"1024\" height=\"678\" src=\"https:\/\/agrozenit.es\/wp-content\/uploads\/2023\/03\/FOTO-41-COMPUTADORA-PORTATIL-1024x678.jpg\" class=\"attachment-large size-large wp-image-12298\" alt=\"\" srcset=\"https:\/\/agrozenit.es\/wp-content\/uploads\/2023\/03\/FOTO-41-COMPUTADORA-PORTATIL-1024x678.jpg 1024w, https:\/\/agrozenit.es\/wp-content\/uploads\/2023\/03\/FOTO-41-COMPUTADORA-PORTATIL-300x199.jpg 300w, https:\/\/agrozenit.es\/wp-content\/uploads\/2023\/03\/FOTO-41-COMPUTADORA-PORTATIL-768x509.jpg 768w, https:\/\/agrozenit.es\/wp-content\/uploads\/2023\/03\/FOTO-41-COMPUTADORA-PORTATIL-1536x1018.jpg 1536w, https:\/\/agrozenit.es\/wp-content\/uploads\/2023\/03\/FOTO-41-COMPUTADORA-PORTATIL.jpg 1920w\" sizes=\"(max-width: 1024px) 100vw, 1024px\" \/>\t\t\t\t\t\t\t\t\t\t\t\t\t\t\t<\/div>\n\t\t\t\t<\/div>\n\t\t\t\t\t<\/div>\n\t\t<\/div>\n\t\t\t\t\t<\/div>\n\t\t<\/section>\n\t\t\t\t<section class=\"elementor-section elementor-inner-section elementor-element elementor-element-8637771 elementor-section-boxed elementor-section-height-default elementor-section-height-default\" data-id=\"8637771\" data-element_type=\"section\" data-e-type=\"section\">\n\t\t\t\t\t\t<div class=\"elementor-container elementor-column-gap-default\">\n\t\t\t\t\t<div class=\"elementor-column elementor-col-50 elementor-inner-column elementor-element elementor-element-af02780\" data-id=\"af02780\" data-element_type=\"column\" data-e-type=\"column\">\n\t\t\t<div class=\"elementor-widget-wrap elementor-element-populated\">\n\t\t\t\t\t\t<div class=\"elementor-element elementor-element-9f36a77 elementor-widget elementor-widget-image\" data-id=\"9f36a77\" data-element_type=\"widget\" data-e-type=\"widget\" data-widget_type=\"image.default\">\n\t\t\t\t<div class=\"elementor-widget-container\">\n\t\t\t\t\t\t\t\t\t\t\t\t\t\t\t<img decoding=\"async\" width=\"229\" height=\"300\" src=\"https:\/\/agrozenit.es\/wp-content\/uploads\/2023\/03\/FOTO-42-PLAGAS-1-229x300.jpg\" class=\"attachment-medium size-medium wp-image-12299\" alt=\"\" srcset=\"https:\/\/agrozenit.es\/wp-content\/uploads\/2023\/03\/FOTO-42-PLAGAS-1-229x300.jpg 229w, https:\/\/agrozenit.es\/wp-content\/uploads\/2023\/03\/FOTO-42-PLAGAS-1-782x1024.jpg 782w, https:\/\/agrozenit.es\/wp-content\/uploads\/2023\/03\/FOTO-42-PLAGAS-1-768x1005.jpg 768w, https:\/\/agrozenit.es\/wp-content\/uploads\/2023\/03\/FOTO-42-PLAGAS-1-1174x1536.jpg 1174w, https:\/\/agrozenit.es\/wp-content\/uploads\/2023\/03\/FOTO-42-PLAGAS-1.jpg 1467w\" sizes=\"(max-width: 229px) 100vw, 229px\" \/>\t\t\t\t\t\t\t\t\t\t\t\t\t\t\t<\/div>\n\t\t\t\t<\/div>\n\t\t\t\t\t<\/div>\n\t\t<\/div>\n\t\t\t\t<div class=\"elementor-column elementor-col-50 elementor-inner-column elementor-element elementor-element-be299b0\" data-id=\"be299b0\" data-element_type=\"column\" data-e-type=\"column\">\n\t\t\t<div class=\"elementor-widget-wrap elementor-element-populated\">\n\t\t\t\t\t\t<div class=\"elementor-element elementor-element-85598cd elementor-widget elementor-widget-image\" data-id=\"85598cd\" data-element_type=\"widget\" data-e-type=\"widget\" data-widget_type=\"image.default\">\n\t\t\t\t<div class=\"elementor-widget-container\">\n\t\t\t\t\t\t\t\t\t\t\t\t\t\t\t<img loading=\"lazy\" decoding=\"async\" width=\"1024\" height=\"768\" src=\"https:\/\/agrozenit.es\/wp-content\/uploads\/2023\/03\/FOTO-43MARIQUITA-GIP-1024x768.jpg\" class=\"attachment-large size-large wp-image-12300\" alt=\"\" srcset=\"https:\/\/agrozenit.es\/wp-content\/uploads\/2023\/03\/FOTO-43MARIQUITA-GIP-1024x768.jpg 1024w, https:\/\/agrozenit.es\/wp-content\/uploads\/2023\/03\/FOTO-43MARIQUITA-GIP-300x225.jpg 300w, https:\/\/agrozenit.es\/wp-content\/uploads\/2023\/03\/FOTO-43MARIQUITA-GIP-768x576.jpg 768w, https:\/\/agrozenit.es\/wp-content\/uploads\/2023\/03\/FOTO-43MARIQUITA-GIP-1536x1152.jpg 1536w, https:\/\/agrozenit.es\/wp-content\/uploads\/2023\/03\/FOTO-43MARIQUITA-GIP.jpg 1920w\" sizes=\"(max-width: 1024px) 100vw, 1024px\" \/>\t\t\t\t\t\t\t\t\t\t\t\t\t\t\t<\/div>\n\t\t\t\t<\/div>\n\t\t\t\t\t<\/div>\n\t\t<\/div>\n\t\t\t\t\t<\/div>\n\t\t<\/section>\n\t\t\t\t\t<\/div>\n\t\t<\/div>\n\t\t\t\t\t<\/div>\n\t\t<\/section>\n\t\t\t\t<\/div>\n\t\t","protected":false},"excerpt":{"rendered":"<p>PRESCRIPCI\u00d3N O RECETA FITOSANITARIA Ofrecemos\u00a0 al agricultor un asesoramiento t\u00e9cnico personalizado en su explotaci\u00f3n agr\u00edcola asumiendo la tarea de prescripci\u00f3n o receta fitosanitaria: Recomendaci\u00f3n del producto fitosanitario autorizado adecuado. Momento \u00f3ptimo de aplicaci\u00f3n. Dosis a emplear. Y\u00a0los plazos de seguridad a respetar.<\/p>\n","protected":false},"author":2,"featured_media":0,"parent":0,"menu_order":0,"comment_status":"closed","ping_status":"closed","template":"","meta":{"om_disable_all_campaigns":false,"_monsterinsights_skip_tracking":false,"_monsterinsights_sitenote_active":false,"_monsterinsights_sitenote_note":"","_monsterinsights_sitenote_category":0,"footnotes":""},"class_list":["post-12294","page","type-page","status-publish","hentry"],"aioseo_notices":[],"_links":{"self":[{"href":"https:\/\/agrozenit.es\/index.php\/wp-json\/wp\/v2\/pages\/12294","targetHints":{"allow":["GET"]}}],"collection":[{"href":"https:\/\/agrozenit.es\/index.php\/wp-json\/wp\/v2\/pages"}],"about":[{"href":"https:\/\/agrozenit.es\/index.php\/wp-json\/wp\/v2\/types\/page"}],"author":[{"embeddable":true,"href":"https:\/\/agrozenit.es\/index.php\/wp-json\/wp\/v2\/users\/2"}],"replies":[{"embeddable":true,"href":"https:\/\/agrozenit.es\/index.php\/wp-json\/wp\/v2\/comments?post=12294"}],"version-history":[{"count":4,"href":"https:\/\/agrozenit.es\/index.php\/wp-json\/wp\/v2\/pages\/12294\/revisions"}],"predecessor-version":[{"id":12303,"href":"https:\/\/agrozenit.es\/index.php\/wp-json\/wp\/v2\/pages\/12294\/revisions\/12303"}],"wp:attachment":[{"href":"https:\/\/agrozenit.es\/index.php\/wp-json\/wp\/v2\/media?parent=12294"}],"curies":[{"name":"wp","href":"https:\/\/api.w.org\/{rel}","templated":true}]}}