{"id":12246,"date":"2023-03-30T18:02:52","date_gmt":"2023-03-30T16:02:52","guid":{"rendered":"https:\/\/agrozenit.es\/?page_id=12246"},"modified":"2023-03-30T18:07:24","modified_gmt":"2023-03-30T16:07:24","slug":"asesoria-energetica","status":"publish","type":"page","link":"https:\/\/agrozenit.es\/index.php\/asesoria-energetica\/","title":{"rendered":"Asesor\u00eda energ\u00e9tica"},"content":{"rendered":"\t\t<div data-elementor-type=\"wp-page\" data-elementor-id=\"12246\" class=\"elementor elementor-12246\">\n\t\t\t\t\t\t<section class=\"elementor-section elementor-top-section elementor-element elementor-element-99c084c elementor-section-boxed elementor-section-height-default elementor-section-height-default\" data-id=\"99c084c\" data-element_type=\"section\" data-e-type=\"section\">\n\t\t\t\t\t\t<div class=\"elementor-container elementor-column-gap-default\">\n\t\t\t\t\t<div class=\"elementor-column elementor-col-100 elementor-top-column elementor-element elementor-element-a5ddc81\" data-id=\"a5ddc81\" data-element_type=\"column\" data-e-type=\"column\">\n\t\t\t<div class=\"elementor-widget-wrap elementor-element-populated\">\n\t\t\t\t\t\t<div class=\"elementor-element elementor-element-d3193a3 elementor-widget elementor-widget-heading\" data-id=\"d3193a3\" data-element_type=\"widget\" data-e-type=\"widget\" data-widget_type=\"heading.default\">\n\t\t\t\t<div class=\"elementor-widget-container\">\n\t\t\t\t\t<h1 class=\"elementor-heading-title elementor-size-large\">Asesor\u00eda energ\u00e9tica<\/h1>\t\t\t\t<\/div>\n\t\t\t\t<\/div>\n\t\t\t\t\t<\/div>\n\t\t<\/div>\n\t\t\t\t\t<\/div>\n\t\t<\/section>\n\t\t\t\t<section class=\"elementor-section elementor-top-section elementor-element elementor-element-4a9934b elementor-section-boxed elementor-section-height-default elementor-section-height-default\" data-id=\"4a9934b\" data-element_type=\"section\" data-e-type=\"section\">\n\t\t\t\t\t\t<div class=\"elementor-container elementor-column-gap-default\">\n\t\t\t\t\t<div class=\"elementor-column elementor-col-100 elementor-top-column elementor-element elementor-element-e1f28cf\" data-id=\"e1f28cf\" data-element_type=\"column\" data-e-type=\"column\">\n\t\t\t<div class=\"elementor-widget-wrap elementor-element-populated\">\n\t\t\t\t\t\t<div class=\"elementor-element elementor-element-097df02 elementor-widget elementor-widget-text-editor\" data-id=\"097df02\" data-element_type=\"widget\" data-e-type=\"widget\" data-widget_type=\"text-editor.default\">\n\t\t\t\t<div class=\"elementor-widget-container\">\n\t\t\t\t\t\t\t\t\t<p>Ayudamos al agricultor a comprender y analizar los datos que se desprenden de su factura el\u00e9ctrica.<\/p><p>Si crees que pagas facturas demasiado elevadas, te analizamos tu factura el\u00e9ctrica, y te asesoraremos para que puedas rebajar el coste de tu factura el\u00e9ctrica. Realizamos un estudio gratuito y personalizado de los suministros de tu explotaci\u00f3n agr\u00edcola, ayud\u00e1ndote a ahorra en tus costes energ\u00e9ticos.<\/p><p>Te buscamos tarifas energ\u00e9ticas que se adapten a los h\u00e1bitos de consumo de tu explotaci\u00f3n agr\u00edcola<\/p><p>Te gestionamos el cambio de compa\u00f1\u00eda comercializadora en el caso de que fuese necesario y el agricultor as\u00ed lo decida.<\/p><p>Realizamos las tareas de revisi\u00f3n y control de tus facturas el\u00e9ctricas para evitar posibles errores o problemas futuros.<\/p><p>Te aportamos soluciones energ\u00e9ticas para reducir tu consumo energ\u00e9tico , tales como consejos para implantar el autoconsumo, la utilizaci\u00f3n de contadores inteligentes o te recomendamos la potencia necesaria para tu explotaci\u00f3n agr\u00edcola.<\/p><p>\u00a0<\/p>\t\t\t\t\t\t\t\t<\/div>\n\t\t\t\t<\/div>\n\t\t\t\t\t<\/div>\n\t\t<\/div>\n\t\t\t\t\t<\/div>\n\t\t<\/section>\n\t\t\t\t<\/div>\n\t\t","protected":false},"excerpt":{"rendered":"<p>Asesor\u00eda energ\u00e9tica Ayudamos al agricultor a comprender y analizar los datos que se desprenden de su factura el\u00e9ctrica. Si crees que pagas facturas demasiado elevadas, te analizamos tu factura el\u00e9ctrica, y te asesoraremos para que puedas rebajar el coste de tu factura el\u00e9ctrica. Realizamos un estudio gratuito y personalizado de los suministros de tu explotaci\u00f3n [&hellip;]<\/p>\n","protected":false},"author":2,"featured_media":0,"parent":0,"menu_order":0,"comment_status":"closed","ping_status":"closed","template":"","meta":{"om_disable_all_campaigns":false,"_monsterinsights_skip_tracking":false,"_monsterinsights_sitenote_active":false,"_monsterinsights_sitenote_note":"","_monsterinsights_sitenote_category":0,"footnotes":""},"class_list":["post-12246","page","type-page","status-publish","hentry"],"aioseo_notices":[],"_links":{"self":[{"href":"https:\/\/agrozenit.es\/index.php\/wp-json\/wp\/v2\/pages\/12246","targetHints":{"allow":["GET"]}}],"collection":[{"href":"https:\/\/agrozenit.es\/index.php\/wp-json\/wp\/v2\/pages"}],"about":[{"href":"https:\/\/agrozenit.es\/index.php\/wp-json\/wp\/v2\/types\/page"}],"author":[{"embeddable":true,"href":"https:\/\/agrozenit.es\/index.php\/wp-json\/wp\/v2\/users\/2"}],"replies":[{"embeddable":true,"href":"https:\/\/agrozenit.es\/index.php\/wp-json\/wp\/v2\/comments?post=12246"}],"version-history":[{"count":10,"href":"https:\/\/agrozenit.es\/index.php\/wp-json\/wp\/v2\/pages\/12246\/revisions"}],"predecessor-version":[{"id":12256,"href":"https:\/\/agrozenit.es\/index.php\/wp-json\/wp\/v2\/pages\/12246\/revisions\/12256"}],"wp:attachment":[{"href":"https:\/\/agrozenit.es\/index.php\/wp-json\/wp\/v2\/media?parent=12246"}],"curies":[{"name":"wp","href":"https:\/\/api.w.org\/{rel}","templated":true}]}}